o(j) = -j + 8. Let c be o(8). Suppose -4*l - 5*q = -85, 50 = 4*l - c*q - 2*q. What is the highest common factor of l and 15?
15
Let l = 6 - -2. Calculate the greatest common divisor of l and 32.
8
Suppose -3*o + 3*r + 8 + 28 = 0, -5*r - 20 = -o. Suppose 2*k + 0 = o. What is the greatest common factor of 35 and k?
5
Suppose 9 - 39 = 3*h. Let z(r) = r + 11. Let j be z(h). Calculate the highest common divisor of j and 11.
1
Let k = -9 + 7. Let o = 1 - k. Suppose -o*q = 2*t - 13 - 21, -5*t + 135 = -5*q. What is the greatest common factor of 207 and t?
23
Suppose 5*c - c = 0. Suppose -2*v + 28 = -c*v. Calculate the greatest common factor of 126 and v.
14
Suppose -8*t + 54 = -6*t. Let r = -11 + 29. What is the greatest common divisor of r and t?
9
Let p = -109 - -158. Suppose -a - a = -14. Calculate the greatest common factor of p and a.
7
Suppose 3*y - 2*f = 74, 76 - 3 = 3*y - f. Let i = 487 - 295. What is the highest common factor of y and i?
24
Suppose o + 42 = c, -17 = 5*o - 7. Let b be 144/45 + (-4)/(-5). Suppose -28 = -3*z - b*q, -43 = -2*z - z - q. Calculate the highest common divisor of c and z.
8
Let l be (1 - -3) + -6 + 11. Suppose -4*b + 2*d + l = -39, -36 = -3*b - d. Calculate the greatest common divisor of 12 and b.
12
Let d = 74 + -30. Let v = -40 - -62. Calculate the greatest common divisor of v and d.
22
Let i = 11 - 15. Let b = i + 0. Let x be (1*b)/((-10)/35). Calculate the highest common factor of 126 and x.
14
Suppose -3*s = -5*s. Let c(d) = -2 + s + 3 + d + 5. Let p be c(0). What is the greatest common factor of p and 6?
6
Let k be 3 + 26/(-8) - (-106)/8. What is the highest common factor of 13 and k?
13
Suppose 3*t = -0*t. Suppose -4*q + c + 309 = t, 2*q + 4*c - c = 137. Let b = q - 22. Calculate the greatest common factor of 6 and b.
6
Let a(s) = s**2 - s + 1. Suppose 2*l = d + 4, 3*d + 2 = 4*l - 4. Let g be a(d). Suppose f = g*f - 234. Calculate the highest common divisor of 13 and f.
13
Let u be (6*2/9)/((-15)/(-180)). What is the greatest common factor of 1 and u?
1
Let s(w) = w**2 + w + 16. Let r be s(0). Let n(z) = -z**2 - 2*z + 2. Let g be n(0). Calculate the greatest common factor of r and g.
2
Let l = 10554 + -7020. Suppose 0 = 2*y + y - l. Let b be (-1)/4 + y/8. Calculate the greatest common factor of b and 21.
21
Let d = 87 + -52. Suppose -o + 5*o = -5*k + 66, o = -2*k + 27. Calculate the greatest common factor of k and d.
7
Suppose -3*b + 4*b + 5 = 0. Let p = 6 + b. Calculate the greatest common divisor of 11 and p.
1
Let d be ((-140)/(-50))/(1/5). Calculate the greatest common divisor of d and 42.
14
Let n(x) = 5*x**2 + 3*x + 1. Let r be n(-2). Let w be 14/(-2)*(-15)/6*6. Calculate the highest common divisor of w and r.
15
Let t be (12 + -26)*(-2)/7. Suppose -t*q = -4*w + 148, -4*w + 2*w - 3*q + 49 = 0. What is the greatest common factor of w and 48?
16
Suppose -11*y = -201 - 30. What is the greatest common divisor of 189 and y?
21
Let x(u) be the second derivative of -u**4/12 - u**3/6 + u**2/2 - u. Let m be x(-2). Let o = 0 - m. Calculate the highest common divisor of 5 and o.
1
Let k(f) = 15*f**3 - f**2 + 1. Let j be k(1). What is the highest common factor of 120 and j?
15
Suppose 0 = 3*x - 2*o - 36, 3*o - 20 = -x + o. What is the greatest common divisor of x and 14?
14
Let l(y) = -y**3 + 13*y**2 - 14*y - 11. Let z(j) = 12*j - 1. Let p be z(1). Let t be l(p). Calculate the highest common factor of 11 and t.
11
Suppose -221 = -3*m + 307. Suppose 0 = -2*k + 8 - 0. Suppose k + 18 = d. What is the greatest common divisor of m and d?
22
Let n(o) = -4*o - 2. Let a be n(-6). Let x = a - 11. Suppose -1 = 3*j - 2*m - 2, m - 4 = -3*j. What is the highest common factor of x and j?
1
Let c = -37 - -39. What is the greatest common factor of c and 22?
2
Let r = 438 + -150. Suppose 0*d + r = 3*d. Let n be (-2 - (-16)/4)*6. What is the highest common factor of n and d?
12
Let r(p) = -p**3 + 5*p**2 + 6*p + 2. Let x be r(6). Suppose -46 = -3*z - 16. Calculate the highest common divisor of x and z.
2
Suppose -13 = 4*k - 57. Let w = k + -3. Suppose -2*r + 4*r + z = 17, 5*r = -5*z + 45. Calculate the highest common factor of w and r.
8
Let i(p) = 3*p**2 - 5*p - 8. Let t be i(-4). Let l be 36*((-8)/(-3) + -2). Calculate the highest common divisor of l and t.
12
Let h(k) = 237*k**2 - k - 1. Let y be h(-1). Let a be (-5)/15 + y/9. What is the highest common factor of 26 and a?
26
Let b = -107 + 180. Suppose 0 = 4*z + 2*x - 0*x - 2, -x = 4*z - 7. Let j = b - z. Calculate the highest common divisor of 14 and j.
14
Let d = -54 + 68. Suppose 0 = -4*m + 515 - 123. Calculate the highest common factor of d and m.
14
Let w(s) = -s**2 + 10*s. Let a be w(10). Suppose -40 = -4*b - a. Suppose 5*f + 340 = 5*p, -3*p + 3*f + 344 = 2*p. What is the highest common factor of p and b?
10
Suppose -l + 0*l + 2*b = -12, -3*b = -4*l + 28. Let z be l/20 - 108/(-10). What is the greatest common divisor of 55 and z?
11
Let j be (-84)/(-9) - (0 + 2/(-3)). Calculate the highest common factor of j and 4.
2
Suppose -c = -0*c - 128. Calculate the greatest common factor of c and 16.
16
Let x be (24/(-10))/(3/(-50)). Let z be (-3 - (4 + -5))*10. Let t be (60/(-25))/(6/z). What is the greatest common divisor of t and x?
8
Let c be (-64)/(-4) + 0/(-2). Let r = -25 + 41. Suppose -32 = -2*q + r. Calculate the greatest common factor of q and c.
8
Suppose -46 = -5*y + w - 3*w, 5*y = 4*w + 58. What is the highest common divisor of 80 and y?
10
Suppose -g - 11 = -5*h + 61, h - g - 16 = 0. Calculate the greatest common factor of h and 98.
14
Let h(f) = f**2 - 8*f - 11. Let q be h(-8). Let y(o) = 2*o**2 + 5*o + 1. Let j be y(-4). What is the highest common factor of j and q?
13
Let m = -17 - 8. Let g = -11 - m. Let h = g + -1. Calculate the highest common factor of h and 52.
13
Suppose -84*c + 88*c = 484. Suppose -44 = -4*b - 0*b. Calculate the highest common factor of b and c.
11
Let y = 24 + 93. Calculate the greatest common divisor of 13 and y.
13
Suppose 5*d + j - 41 = 0, -8*d + 3*d + 2*j + 38 = 0. Let a(t) = -t**3 - 11*t**2 - 11*t + 14. Let l be a(-10). What is the highest common divisor of l and d?
8
Suppose -2*b = -6 + 2. Suppose 0 = b*n - 3 + 1. Let p be 2 + (n - 2) + 1. Calculate the greatest common divisor of p and 1.
1
Suppose 4*t - l + 17 = 50, -3*l + 45 = 4*t. Let k(d) = d - 5. Let w be k(t). What is the highest common factor of 2 and w?
2
Suppose 3*f = 4*o - 38, 0 = o + f + 3*f - 19. Calculate the highest common divisor of 1 and o.
1
Let i = 2 + 1. What is the greatest common factor of 2 and i?
1
Suppose 5*n - 57 - 83 = -a, 4*n - 5*a = 112. What is the highest common factor of 7 and n?
7
Let f(o) = 3*o + 26. Let g be f(0). What is the highest common factor of 65 and g?
13
Let h be (-3)/(-21) + (-152)/(-14). Calculate the greatest common divisor of h and 99.
11
Let v = 21 - 13. What is the highest common divisor of v and 64?
8
Let b(w) = -w + 3. Let o be (8/6)/((-5)/(-15)). Let k be b(o). Let j be (-1)/(((-1)/k)/(-1)). What is the greatest common factor of j and 4?
1
Suppose -5*o + 3*d + 254 = d, -5*o - 5*d + 240 = 0. What is the highest common divisor of 400 and o?
50
Suppose -5*q + 712 = -6*c + 3*c, -570 = -4*q + 2*c. Calculate the highest common factor of 26 and q.
13
Let m(s) = s**2 + 2*s - 1. Let c be m(-3). Suppose 0 = c*x - 2. Let q(r) = -3*r**2 - 3*r + 5. Let w be q(0). Calculate the greatest common factor of x and w.
1
Let y be (6 + -10)/(2/(-1)). Suppose -3*p - 3*w = -21, 3*p - y*p - w + 3 = 0. Let n = 9 + -4. What is the highest common divisor of n and p?
1
Let a(x) = -x**2 + 7*x + 5. Let i be a(7). Let y be 6/i*(-1120)/(-24). Calculate the greatest common divisor of 8 and y.
8
Let o(a) = -a**2 - 7*a + 4. Let b be o(-6). Calculate the highest common divisor of 10 and b.
10
Let a be (-3 - -4)*-10 - 3. Let w = a + 23. Calculate the highest common factor of w and 5.
5
Let j(g) = -6*g**3 - 3*g**2 + 2*g. Let c be j(2). Let z be 10/(-2)*c/20. Calculate the highest common factor of 14 and z.
14
Suppose -j + 408 = -5*j. Let g = -42 - j. What is the greatest common factor of 24 and g?
12
Let q(j) = 3*j + 2*j - j + 2*j**2 - 5. Let f be q(-7). Suppose -f = -2*b + 1. What is the highest common factor of b and 11?
11
Suppose 2*b - 178 = -4*n, -135 = -3*n - 6*b + 